on divisor of 68 and 16?
4
What is the greatest common factor of 115 and 25?
5
Calculate the greatest common factor of 192 and 6456.
24
Calculate the highest common factor of 455 and 105.
35
Calculate the highest common factor of 1292 and 608.
76
What is the highest common divisor of 392 and 14?
14
Calculate the highest common factor of 50 and 13200.
50
Calculate the greatest common factor of 69 and 69.
69
What is the highest common factor of 441 and 9?
9
Calculate the highest common factor of 61 and 65453.
61
What is the greatest common factor of 64 and 52?
4
Calculate the highest common factor of 54 and 63.
9
What is the greatest common divisor of 13 and 4758?
13
Calculate the greatest common factor of 325 and 52.
13
Calculate the highest common factor of 6693 and 276.
69
What is the highest common divisor of 3932 and 6?
2
Calculate the greatest common factor of 141 and 1363.
47
Calculate the greatest common divisor of 47 and 423.
47
What is the greatest common divisor of 7800 and 15?
15
Calculate the greatest common factor of 315 and 45.
45
What is the highest common factor of 14027 and 83?
83
What is the greatest common factor of 306 and 9?
9
Calculate the highest common factor of 522 and 126.
18
What is the greatest common divisor of 1545 and 10?
5
What is the greatest common factor of 8 and 196?
4
Calculate the greatest common divisor of 123 and 240.
3
What is the highest common factor of 16 and 7088?
16
Calculate the greatest common factor of 320 and 400.
80
What is the greatest common divisor of 12 and 2532?
12
Calculate the greatest common factor of 55 and 5.
5
Calculate the greatest common factor of 15 and 105.
15
What is the greatest common factor of 27 and 4563?
27
Calculate the greatest common divisor of 3 and 807.
3
Calculate the greatest common factor of 31 and 775.
31
Calculate the highest common factor of 240 and 220.
20
What is the highest common divisor of 25 and 1025?
25
Calculate the highest common factor of 732 and 2257.
61
Calculate the greatest common divisor of 54 and 12.
6
What is the greatest common divisor of 377 and 208?
13
Calculate the highest common factor of 474 and 15.
3
What is the highest common divisor of 78 and 15938?
26
What is the highest common divisor of 30 and 210?
30
What is the greatest common factor of 5066 and 34?
34
Calculate the highest common divisor of 204 and 1392.
12
What is the highest common factor of 54 and 138?
6
Calculate the greatest common factor of 670 and 250.
10
What is the greatest common divisor of 150 and 12?
6
What is the highest common divisor of 2889 and 81?
27
Calculate the highest common divisor of 6 and 766.
2
Calculate the highest common divisor of 7526 and 106.
106
What is the greatest common factor of 62 and 8?
2
What is the highest common divisor of 3696 and 84?
84
What is the greatest common divisor of 642 and 6?
6
Calculate the greatest common divisor of 745 and 10.
5
What is the greatest common divisor of 2 and 10?
2
Calculate the greatest common factor of 620 and 20.
20
What is the highest common factor of 115 and 3680?
115
Calculate the highest common factor of 90 and 5.
5
What is the greatest common factor of 6048 and 168?
168
Calculate the greatest common factor of 986 and 102.
34
Calculate the highest common factor of 330 and 99.
33
What is the highest common divisor of 42 and 462?
42
What is the greatest common divisor of 80 and 40?
40
What is the highest common factor of 22 and 4?
2
Calculate the greatest common divisor of 72 and 36.
36
What is the greatest common factor of 17 and 1241?
17
What is the highest common factor of 568 and 355?
71
What is the highest common factor of 47 and 31067?
47
What is the highest common factor of 404 and 14342?
202
Calculate the greatest common divisor of 893 and 19.
19
What is the highest common factor of 220 and 605?
55
Calculate the highest common factor of 15 and 735.
15
What is the highest common factor of 1386 and 54?
18
What is the highest common factor of 1521 and 468?
117
What is the highest common divisor of 382 and 11651?
191
Calculate the greatest common factor of 268 and 21842.
134
What is the highest common factor of 69 and 4531?
23
Calculate the greatest common factor of 5 and 685.
5
What is the highest common factor of 138 and 368?
46
Calculate the greatest common divisor of 4224 and 2904.
264
Calculate the highest common factor of 105 and 4095.
105
What is the highest common factor of 756 and 91?
7
Calculate the greatest common divisor of 162 and 54.
54
Calculate the highest common divisor of 671 and 305.
61
Calculate the highest common factor of 34 and 134.
2
Calculate the greatest common divisor of 3605 and 70.
35
What is the greatest common divisor of 1073 and 29?
29
Calculate the greatest common factor of 160 and 200.
40
What is the highest common divisor of 63 and 399?
21
What is the highest common factor of 17 and 5899?
17
What is the highest common factor of 1024 and 32?
32
What is the highest common factor of 1596 and 7?
7
What is the greatest common divisor of 48 and 34128?
48
What is the highest common factor of 16721 and 23?
23
Calculate the highest common divisor of 162 and 3294.
54
Calculate the highest common divisor of 18 and 198.
18
Calculate the greatest common factor of 1225 and 770.
35
Calculate the highest common divisor of 217 and 336.
7
What is the greatest common factor of 130 and 10?
10
Calculate the highest common divisor of 132 and 1012.
44
Calculate the greatest common divisor of 576 and 9.
9
Calculate the highest common divisor of 48 and 204.
12
Calculate the greatest common factor of 888 and 192.
24
What is the highest common factor of 57 and 95?
19
Calculate the highest common divisor of 551 and 1624.
29
Calculate the greatest common factor of 19 and 513.
19
Calculate the greatest common factor of 16 and 4.
4
What is the highest common factor of 352 and 32?
32
Calculate the greatest common divisor of 649 and 11.
11
Calculate the highest common divisor of 2259 and 27.
9
Calculate the highest common divisor of 864 and 1404.
108
Calculate the highest common divisor of 38 and 5453.
19
Calculate the highest common factor of 8012 and 4.
4
What is the highest common divisor of 1620 and 72?
36
Calculate the greatest common divisor of 285 and 1520.
95
Calculate the greatest common factor of 697 and 34.
17
What is the highest common divisor of 550 and 30?
10
Calculate the highest common factor of 36 and 126.
18
Calculate the greatest common divisor of 12120 and 40.
40
What is the highest common divisor of 71 and 58291?
71
Calculate the greatest common divisor of 158 and 553.
79
What is the greatest common factor of 1020 and 60?
60
What is the highest common divisor of 3140 and 20?
20
What is the greatest common divisor of 50 and 230?
10
Calculate the greatest common divisor of 475 and 1520.
95
Calculate the highest common factor of 60975 and 450.
225
What is the highest common divisor of 281 and 2?
1
What is the greatest common factor of 195 and 273?
39
Calculate the highest common divisor of 40 and 2424.
8
Calculate the highest common factor of 1812 and 12.
12
What is the greatest common factor of 3190 and 165?
55
What is the greatest common factor of 3104 and 873?
97
What is the highest common factor of 957 and 2211?
33
What is the highest common factor of 5 and 40?
5
Calculate the greatest common divisor of 5060 and 880.
220
Calculate the highest common factor of 92 and 128.
4
What is the highest common factor of 2212 and 28?
28
What is the highest common factor of 6708 and 96?
12
Calculate the highest common factor of 405 and 75.
15
What is the highest common factor of 22 and 649?
11
Calculate the highest common factor of 6684 and 48.
12
Calculate the highest common divisor of 3 and 43.
1
Calculate the greatest common factor of 1025 and 25.
25
What is the highest common factor of 38 and 8702?
38
Calculate the highest common factor of 1115 and 35.
5
Calculate the greatest common divisor of 184 and 115.
23
What is the greatest common factor of 12 and 48?
12
Calculate the greatest common factor of 52 and 39.
13
Calculate the greatest common divisor of 30 and 11460.
30
What is the highest common divisor of 896 and 14?
14
What is the greatest common factor of 43 and 4171?
43
What is t